{"id":28656,"date":"2026-02-25T11:00:19","date_gmt":"2026-02-25T10:00:19","guid":{"rendered":"https:\/\/eda.4ws.cz\/index.php\/role\/mestanu-mestek-vesnicanu-husitu-deti\/"},"modified":"2026-02-25T13:22:19","modified_gmt":"2026-02-25T12:22:19","slug":"mestanu-mestek-vesnicanu-husitu-deti","status":"publish","type":"role","link":"https:\/\/eda.4ws.cz\/index.php\/role\/mestanu-mestek-vesnicanu-husitu-deti\/","title":{"rendered":"M\u011b\u0161\u0165an\u016f. M\u011b\u0161t\u011bk. Vesni\u010dan\u016f. Husit\u016f. D\u011bt\u00ed."},"author":1,"template":"","class_list":["post-28656","role","type-role","status-publish","hentry"],"acf":[],"_links":{"self":[{"href":"https:\/\/eda.4ws.cz\/index.php\/wp-json\/wp\/v2\/role\/28656","targetHints":{"allow":["GET"]}}],"collection":[{"href":"https:\/\/eda.4ws.cz\/index.php\/wp-json\/wp\/v2\/role"}],"about":[{"href":"https:\/\/eda.4ws.cz\/index.php\/wp-json\/wp\/v2\/types\/role"}],"author":[{"embeddable":true,"href":"https:\/\/eda.4ws.cz\/index.php\/wp-json\/wp\/v2\/users\/1"}],"wp:attachment":[{"href":"https:\/\/eda.4ws.cz\/index.php\/wp-json\/wp\/v2\/media?parent=28656"}],"curies":[{"name":"wp","href":"https:\/\/api.w.org\/{rel}","templated":true}]}}

Měšťanů. Měštěk. Vesničanů. Husitů. Dětí.
