{"id":28266,"date":"2026-02-25T11:00:16","date_gmt":"2026-02-25T10:00:16","guid":{"rendered":"https:\/\/eda.4ws.cz\/index.php\/role\/devet-duchu-strazcove-carodejneho-prstenu-duchove-noci-genius-noci\/"},"modified":"2026-02-25T13:22:16","modified_gmt":"2026-02-25T12:22:16","slug":"devet-duchu-strazcove-carodejneho-prstenu-duchove-noci-genius-noci","status":"publish","type":"role","link":"https:\/\/eda.4ws.cz\/index.php\/role\/devet-duchu-strazcove-carodejneho-prstenu-duchove-noci-genius-noci\/","title":{"rendered":"Dev\u011bt duch\u016f, str\u00e1\u017ecov\u00e9 \u010darod\u011bjn\u00e9ho prstenu, duchov\u00e9 noci, genius noci."},"author":1,"template":"","class_list":["post-28266","role","type-role","status-publish","hentry"],"acf":[],"_links":{"self":[{"href":"https:\/\/eda.4ws.cz\/index.php\/wp-json\/wp\/v2\/role\/28266","targetHints":{"allow":["GET"]}}],"collection":[{"href":"https:\/\/eda.4ws.cz\/index.php\/wp-json\/wp\/v2\/role"}],"about":[{"href":"https:\/\/eda.4ws.cz\/index.php\/wp-json\/wp\/v2\/types\/role"}],"author":[{"embeddable":true,"href":"https:\/\/eda.4ws.cz\/index.php\/wp-json\/wp\/v2\/users\/1"}],"wp:attachment":[{"href":"https:\/\/eda.4ws.cz\/index.php\/wp-json\/wp\/v2\/media?parent=28266"}],"curies":[{"name":"wp","href":"https:\/\/api.w.org\/{rel}","templated":true}]}}

Devět duchů, strážcové čarodějného prstenu, duchové noci, genius noci.
