{"id":28048,"date":"2026-02-25T11:00:14","date_gmt":"2026-02-25T10:00:14","guid":{"rendered":"https:\/\/eda.4ws.cz\/index.php\/role\/lid-sedlsky-obojiho-pohlavi-celed-vojmirova\/"},"modified":"2026-02-25T13:22:15","modified_gmt":"2026-02-25T12:22:15","slug":"lid-sedlsky-obojiho-pohlavi-celed-vojmirova","status":"publish","type":"role","link":"https:\/\/eda.4ws.cz\/index.php\/role\/lid-sedlsky-obojiho-pohlavi-celed-vojmirova\/","title":{"rendered":"Lid sedlsk\u00fd oboj\u00edho pohlav\u00ed. \u010cele\u010f Vojm\u00edrova."},"author":1,"template":"","class_list":["post-28048","role","type-role","status-publish","hentry"],"acf":[],"_links":{"self":[{"href":"https:\/\/eda.4ws.cz\/index.php\/wp-json\/wp\/v2\/role\/28048","targetHints":{"allow":["GET"]}}],"collection":[{"href":"https:\/\/eda.4ws.cz\/index.php\/wp-json\/wp\/v2\/role"}],"about":[{"href":"https:\/\/eda.4ws.cz\/index.php\/wp-json\/wp\/v2\/types\/role"}],"author":[{"embeddable":true,"href":"https:\/\/eda.4ws.cz\/index.php\/wp-json\/wp\/v2\/users\/1"}],"wp:attachment":[{"href":"https:\/\/eda.4ws.cz\/index.php\/wp-json\/wp\/v2\/media?parent=28048"}],"curies":[{"name":"wp","href":"https:\/\/api.w.org\/{rel}","templated":true}]}}

Lid sedlský obojího pohlaví. Čeleď Vojmírova.
