{"id":27033,"date":"2026-02-25T11:00:05","date_gmt":"2026-02-25T10:00:05","guid":{"rendered":"https:\/\/eda.4ws.cz\/index.php\/role\/sedlaci-z-domazlicke-krajiny-ceske-a-risske-vojsko\/"},"modified":"2026-02-25T13:22:09","modified_gmt":"2026-02-25T12:22:09","slug":"sedlaci-z-domazlicke-krajiny-ceske-a-risske-vojsko","status":"publish","type":"role","link":"https:\/\/eda.4ws.cz\/index.php\/role\/sedlaci-z-domazlicke-krajiny-ceske-a-risske-vojsko\/","title":{"rendered":"Sedl\u00e1ci z Doma\u017elick\u00e9 krajiny. \u010cesk\u00e9 a \u0159\u00ed\u0161sk\u00e9 vojsko."},"author":1,"template":"","class_list":["post-27033","role","type-role","status-publish","hentry"],"acf":[],"_links":{"self":[{"href":"https:\/\/eda.4ws.cz\/index.php\/wp-json\/wp\/v2\/role\/27033","targetHints":{"allow":["GET"]}}],"collection":[{"href":"https:\/\/eda.4ws.cz\/index.php\/wp-json\/wp\/v2\/role"}],"about":[{"href":"https:\/\/eda.4ws.cz\/index.php\/wp-json\/wp\/v2\/types\/role"}],"author":[{"embeddable":true,"href":"https:\/\/eda.4ws.cz\/index.php\/wp-json\/wp\/v2\/users\/1"}],"wp:attachment":[{"href":"https:\/\/eda.4ws.cz\/index.php\/wp-json\/wp\/v2\/media?parent=27033"}],"curies":[{"name":"wp","href":"https:\/\/api.w.org\/{rel}","templated":true}]}}

Sedláci z Domažlické krajiny. České a říšské vojsko.
