{"id":26865,"date":"2026-02-25T11:00:03","date_gmt":"2026-02-25T10:00:03","guid":{"rendered":"https:\/\/eda.4ws.cz\/index.php\/role\/bubenik-svadleny-obyvatele-obojiho-pohlavi\/"},"modified":"2026-02-25T13:22:08","modified_gmt":"2026-02-25T12:22:08","slug":"bubenik-svadleny-obyvatele-obojiho-pohlavi","status":"publish","type":"role","link":"https:\/\/eda.4ws.cz\/index.php\/role\/bubenik-svadleny-obyvatele-obojiho-pohlavi\/","title":{"rendered":"Buben\u00edk. \u0160vadleny. Obyvatel\u00e9 oboj\u00edho pohlav\u00ed."},"author":1,"template":"","class_list":["post-26865","role","type-role","status-publish","hentry"],"acf":[],"_links":{"self":[{"href":"https:\/\/eda.4ws.cz\/index.php\/wp-json\/wp\/v2\/role\/26865","targetHints":{"allow":["GET"]}}],"collection":[{"href":"https:\/\/eda.4ws.cz\/index.php\/wp-json\/wp\/v2\/role"}],"about":[{"href":"https:\/\/eda.4ws.cz\/index.php\/wp-json\/wp\/v2\/types\/role"}],"author":[{"embeddable":true,"href":"https:\/\/eda.4ws.cz\/index.php\/wp-json\/wp\/v2\/users\/1"}],"wp:attachment":[{"href":"https:\/\/eda.4ws.cz\/index.php\/wp-json\/wp\/v2\/media?parent=26865"}],"curies":[{"name":"wp","href":"https:\/\/api.w.org\/{rel}","templated":true}]}}

Bubeník. Švadleny. Obyvatelé obojího pohlaví.
