{"id":14326,"date":"2026-02-25T10:55:53","date_gmt":"2026-02-25T09:55:53","guid":{"rendered":"https:\/\/eda.4ws.cz\/index.php\/pramen\/pramen-1057410041608065\/"},"modified":"2026-02-25T13:19:52","modified_gmt":"2026-02-25T12:19:52","slug":"pramen-1057410041608065","status":"publish","type":"pramen","link":"https:\/\/eda.4ws.cz\/index.php\/pramen\/pramen-1057410041608065\/","title":{"rendered":"\u010cERNU\u0160\u00c1K, Gracian, Bohum\u00edr \u0160T\u011aDRO\u0147 a Zdenko NOV\u00c1\u010cEK, ed. \u010ceskoslovensk\u00fd hudebn\u00ed slovn\u00edk osob a instituc\u00ed. Praha: St\u00e1tn\u00ed hudebn\u00ed vydavatelstv\u00ed, 1965, sv. 1, s. 50\u201351"},"author":1,"template":"","jazyk":[],"class_list":["post-14326","pramen","type-pramen","status-publish","hentry"],"acf":[],"_links":{"self":[{"href":"https:\/\/eda.4ws.cz\/index.php\/wp-json\/wp\/v2\/pramen\/14326","targetHints":{"allow":["GET"]}}],"collection":[{"href":"https:\/\/eda.4ws.cz\/index.php\/wp-json\/wp\/v2\/pramen"}],"about":[{"href":"https:\/\/eda.4ws.cz\/index.php\/wp-json\/wp\/v2\/types\/pramen"}],"author":[{"embeddable":true,"href":"https:\/\/eda.4ws.cz\/index.php\/wp-json\/wp\/v2\/users\/1"}],"version-history":[{"count":1,"href":"https:\/\/eda.4ws.cz\/index.php\/wp-json\/wp\/v2\/pramen\/14326\/revisions"}],"predecessor-version":[{"id":154258,"href":"https:\/\/eda.4ws.cz\/index.php\/wp-json\/wp\/v2\/pramen\/14326\/revisions\/154258"}],"wp:attachment":[{"href":"https:\/\/eda.4ws.cz\/index.php\/wp-json\/wp\/v2\/media?parent=14326"}],"wp:term":[{"taxonomy":"jazyk","embeddable":true,"href":"https:\/\/eda.4ws.cz\/index.php\/wp-json\/wp\/v2\/jazyk?post=14326"}],"curies":[{"name":"wp","href":"https:\/\/api.w.org\/{rel}","templated":true}]}}

ČERNUŠÁK, Gracian, Bohumír ŠTĚDROŇ a Zdenko NOVÁČEK, ed. Československý hudební slovník osob a institucí. Praha: Státní hudební vydavatelství, 1965, sv. 1, s. 50–51
