{"id":14301,"date":"2026-02-25T10:55:53","date_gmt":"2026-02-25T09:55:53","guid":{"rendered":"https:\/\/eda.4ws.cz\/index.php\/pramen\/pramen-1056355318552423\/"},"modified":"2026-02-25T13:19:52","modified_gmt":"2026-02-25T12:19:52","slug":"pramen-1056355318552423","status":"publish","type":"pramen","link":"https:\/\/eda.4ws.cz\/index.php\/pramen\/pramen-1056355318552423\/","title":{"rendered":"Bohemia 26. 2. 1863, \u010d. 49,  P\u0159\u00edloha, s. 505 (nekrolog)"},"author":1,"template":"","jazyk":[],"class_list":["post-14301","pramen","type-pramen","status-publish","hentry"],"acf":[],"_links":{"self":[{"href":"https:\/\/eda.4ws.cz\/index.php\/wp-json\/wp\/v2\/pramen\/14301","targetHints":{"allow":["GET"]}}],"collection":[{"href":"https:\/\/eda.4ws.cz\/index.php\/wp-json\/wp\/v2\/pramen"}],"about":[{"href":"https:\/\/eda.4ws.cz\/index.php\/wp-json\/wp\/v2\/types\/pramen"}],"author":[{"embeddable":true,"href":"https:\/\/eda.4ws.cz\/index.php\/wp-json\/wp\/v2\/users\/1"}],"version-history":[{"count":1,"href":"https:\/\/eda.4ws.cz\/index.php\/wp-json\/wp\/v2\/pramen\/14301\/revisions"}],"predecessor-version":[{"id":154233,"href":"https:\/\/eda.4ws.cz\/index.php\/wp-json\/wp\/v2\/pramen\/14301\/revisions\/154233"}],"wp:attachment":[{"href":"https:\/\/eda.4ws.cz\/index.php\/wp-json\/wp\/v2\/media?parent=14301"}],"wp:term":[{"taxonomy":"jazyk","embeddable":true,"href":"https:\/\/eda.4ws.cz\/index.php\/wp-json\/wp\/v2\/jazyk?post=14301"}],"curies":[{"name":"wp","href":"https:\/\/api.w.org\/{rel}","templated":true}]}}

Bohemia 26. 2. 1863, č. 49,  Příloha, s. 505 (nekrolog)
