{"id":4736,"date":"2026-02-25T10:21:36","date_gmt":"2026-02-25T09:21:36","guid":{"rendered":"https:\/\/eda.4ws.cz\/index.php\/osoba_jmeno\/kricensky-josef-jaroslav\/"},"modified":"2026-02-25T13:18:23","modified_gmt":"2026-02-25T12:18:23","slug":"kricensky-josef-jaroslav","status":"publish","type":"osoba_jmeno","link":"https:\/\/eda.4ws.cz\/index.php\/osoba_jmeno\/kricensky-josef-jaroslav\/","title":{"rendered":"K\u0159i\u010densk\u00fd Josef Jaroslav"},"author":1,"template":"","class_list":["post-4736","osoba_jmeno","type-osoba_jmeno","status-publish","hentry"],"acf":[],"_links":{"self":[{"href":"https:\/\/eda.4ws.cz\/index.php\/wp-json\/wp\/v2\/osoba_jmeno\/4736","targetHints":{"allow":["GET"]}}],"collection":[{"href":"https:\/\/eda.4ws.cz\/index.php\/wp-json\/wp\/v2\/osoba_jmeno"}],"about":[{"href":"https:\/\/eda.4ws.cz\/index.php\/wp-json\/wp\/v2\/types\/osoba_jmeno"}],"author":[{"embeddable":true,"href":"https:\/\/eda.4ws.cz\/index.php\/wp-json\/wp\/v2\/users\/1"}],"wp:attachment":[{"href":"https:\/\/eda.4ws.cz\/index.php\/wp-json\/wp\/v2\/media?parent=4736"}],"curies":[{"name":"wp","href":"https:\/\/api.w.org\/{rel}","templated":true}]}}

Křičenský Josef Jaroslav
