{"id":64964,"date":"2026-02-25T11:06:03","date_gmt":"2026-02-25T10:06:03","guid":{"rendered":"https:\/\/eda.4ws.cz\/index.php\/dokument\/johann-theodor-lyser-ludwig-van-beethoven-1815-karikatura-kresba-tuzkou-zdroj-wikipedie-volne-dilo\/"},"modified":"2026-02-25T13:20:42","modified_gmt":"2026-02-25T12:20:42","slug":"johann-theodor-lyser-ludwig-van-beethoven-1815-karikatura-kresba-tuzkou-zdroj-wikipedie-volne-dilo","status":"publish","type":"dokument","link":"https:\/\/eda.4ws.cz\/index.php\/dokument\/johann-theodor-lyser-ludwig-van-beethoven-1815-karikatura-kresba-tuzkou-zdroj-wikipedie-volne-dilo\/","title":{"rendered":"Johann Theodor Lyser: Ludwig van Beethoven, 1815, karikatura, kresba tu\u017ekou. Zdroj: Wikipedie (voln\u00e9 d\u00edlo)"},"author":1,"featured_media":0,"template":"","jazyk":[],"class_list":["post-64964","dokument","type-dokument","status-publish","hentry"],"acf":[],"_links":{"self":[{"href":"https:\/\/eda.4ws.cz\/index.php\/wp-json\/wp\/v2\/dokument\/64964","targetHints":{"allow":["GET"]}}],"collection":[{"href":"https:\/\/eda.4ws.cz\/index.php\/wp-json\/wp\/v2\/dokument"}],"about":[{"href":"https:\/\/eda.4ws.cz\/index.php\/wp-json\/wp\/v2\/types\/dokument"}],"author":[{"embeddable":true,"href":"https:\/\/eda.4ws.cz\/index.php\/wp-json\/wp\/v2\/users\/1"}],"version-history":[{"count":1,"href":"https:\/\/eda.4ws.cz\/index.php\/wp-json\/wp\/v2\/dokument\/64964\/revisions"}],"predecessor-version":[{"id":159786,"href":"https:\/\/eda.4ws.cz\/index.php\/wp-json\/wp\/v2\/dokument\/64964\/revisions\/159786"}],"wp:attachment":[{"href":"https:\/\/eda.4ws.cz\/index.php\/wp-json\/wp\/v2\/media?parent=64964"}],"wp:term":[{"taxonomy":"jazyk","embeddable":true,"href":"https:\/\/eda.4ws.cz\/index.php\/wp-json\/wp\/v2\/jazyk?post=64964"}],"curies":[{"name":"wp","href":"https:\/\/api.w.org\/{rel}","templated":true}]}}

Johann Theodor Lyser: Ludwig van Beethoven, 1815, karikatura, kresba tužkou. Zdroj: Wikipedie (volné dílo)
